-782)/(-2) - 5/(8 + -3). Let j = -383 + g. What is the highest common divisor of 91 and j?
7
Let h(f) = 2*f**3 - 27*f**2 + 13*f - 645. Let i be h(22). What is the highest common factor of 258 and i?
129
Suppose -20 = 97*x - 95*x. Let q be x*(-3)/(-6) + 85. Let u(w) = w**2 - 13*w + 10. Let p be u(13). What is the highest common factor of q and p?
10
Let h = 7 + -3. Suppose f = -3*r, -17*r + 12*r + 2 = 2*f. Suppose -f*a + 34 = 4*m - 4*a, 2*a - 24 = -3*m. Calculate the greatest common factor of h and m.
2
Let s(i) = 9*i + 1050. Let f be s(-115). What is the greatest common divisor of 625 and f?
5
Let x(l) = -2*l**2 + 10*l + 32. Let q be x(6). Let p = -29 + 57. Calculate the highest common divisor of p and q.
4
Suppose -2*f + 2*d = -3210, 2*f = -30*d + 33*d + 3213. Let p = f + -1002. What is the highest common factor of p and 25?
25
Let l(h) = 5*h**2 - 41*h + 77. Let g be l(2). Suppose g*p = -0*p + 420. Let z = -11 - -32. Calculate the greatest common factor of p and z.
7
Suppose 2*h + 48 = 260. Suppose 20*n + h = 18*n. Let m = n + 71. Calculate the greatest common divisor of 36 and m.
18
Let d = 213 - 223. Let b be 108/d*((-3)/9 - 3). Calculate the greatest common factor of 6 and b.
6
Let f be 1816/20 - -5 - (45/25 + -2). Let m(w) = w**3 - 6*w**2 + 5*w - 6. Let y be m(6). Calculate the greatest common factor of f and y.
24
Let i = 2396 - 2332. What is the greatest common divisor of 304 and i?
16
Let r(m) = 585*m + 741. Let w be r(5). What is the greatest common factor of 52 and w?
26
Let r(k) = -454*k - 443. Let l be r(-1). What is the greatest common divisor of l and 32659?
11
Let k(c) = c**3 + 6*c**2 - 9*c - 1. Suppose i - z + 0*z = -2, -i - 32 = 5*z. Let b be k(i). Let d = 9 + b. What is the greatest common factor of 154 and d?
22
Let x(d) = 59*d - 1527. Let t be x(73). What is the highest common divisor of t and 20?
20
Let s be 1/1 + -4 + -1 + 29189. Let i be s/455 + (-2)/14*1. Calculate the greatest common divisor of i and 96.
32
Let s(z) = -z**2 - 254*z - 3182. Let u be s(-15). Calculate the highest common divisor of 728 and u.
13
Let w(v) = v - 16. Let n be w(9). Let o be (-5 + 0 - n)*13/2. Calculate the greatest common factor of o and 611.
13
Suppose -2*w - 3*d + 9221 + 2857 = 0, -w = -3*d - 6012. What is the highest common divisor of w and 144?
18
Let g be 1/(-4) + (-13 - 3766/(-56)). Suppose -4*y + 2928 = -3*h, 3*y = -6*h + h + 2167. Calculate the greatest common factor of g and y.
27
Suppose -38663 = 12*g - 112103. What is the highest common divisor of 216 and g?
72
Suppose 2*b + 3*b - 360 = 0. Let v be 4/(2 + -6) + -40. Let l be 1/(-3)*0 + 59 + v. Calculate the highest common divisor of l and b.
18
Suppose 3*k - 71 = -r, -3*r + 97*k + 199 = 92*k. What is the greatest common divisor of r and 88?
4
Suppose 3*o = 2*v + 1545 + 967, 9*v = -18. Calculate the highest common divisor of o and 264.
44
Let w = 1066 - 570. Let r = w - 416. Calculate the highest common factor of r and 90.
10
Let f = 50 + -41. Let y be (18/3)/(-2) + 5. Suppose 4*c - 3*j = 180, y*c - 2*j - 129 = -39. Calculate the greatest common divisor of f and c.
9
Suppose -369 + 45 = -12*y. What is the greatest common factor of y and 5211?
27
Suppose -12 = 2*t + 2*f - 5*f, -28 = 2*t + f. Let s be (54/12)/((-9)/t). Suppose 0 = -k + s - 4. What is the greatest common divisor of k and 14?
2
Let k = 10129 - 9056. What is the highest common divisor of 754 and k?
29
Suppose 5*w = -5*x - 0*x + 45, 16 = -x + 4*w. Let n be (1 - (-2)/x)/((-210)/(-3080)). What is the greatest common factor of 6 and n?
2
Let k = -80 + 53. Let h(q) = -8*q + 1. Let a be h(-4). Let s = k + a. Calculate the highest common factor of s and 30.
6
Suppose -6*t = 4*t - 20. Let g be 15 - (4 + -1 - (-14 - (-10 - 10))). What is the highest common factor of g and t?
2
Let f = 34 - 18. Let z be (-24)/(-28) - (-3870)/(-105). Let q be z/(35/(-28) + 1). What is the greatest common factor of q and f?
16
Let v(g) = -g**3 + 11*g**2 - 14*g + 11. Let p be v(9). Let y = 75 - p. Let b = 0 + 4. What is the greatest common divisor of y and b?
4
Suppose -50*v + 33*v = -4*a + 905, -5*a + 3*v = -1332. Suppose 0 = -7*g + 2*g + 70. Let m be 1 + (-7)/(g/(-40)). Calculate the highest common factor of m and a.
21
Let l = -168 + 168. Suppose -a + 5*a - 1704 = -3*m, l = 2*m + 3*a - 1135. Calculate the highest common divisor of 26 and m.
26
Suppose 5*g - 420 = 5*m, -4*g + 2*g + 4*m + 162 = 0. Let s = 181 - g. Let f = s - 28. What is the highest common factor of 22 and f?
22
Suppose b = -0*l - 4*l + 19, 3*b - 2*l = 1. Suppose -2 - 34 = -b*a. Let y = -1134517 + 1134523. Calculate the highest common divisor of y and a.
6
Suppose 22*k - 30 = -2 + 16. Let v(a) = 9*a**3 - a**2 + a + 1. Let m be v(-1). Let o(i) = -i + 6. Let j be o(m). What is the highest common factor of k and j?
2
Suppose 84*r - 81*r = 162. Let q(f) = 3*f**3 - 10*f**2 - 2*f + 47. Let o be q(5). What is the highest common factor of o and r?
54
Suppose d - 20 = -5*q, -4*d = -2*d + 4*q - 34. Suppose z = -z + x + 9, -5*x - d = 0. What is the highest common factor of z and 3?
3
Let w be (5730/10)/3 - -9. Suppose w*c - 2484 = 191*c. What is the greatest common divisor of 36 and c?
12
Let c(s) = -2*s**2 + 49*s - 9. Let y(p) = -3*p - 31. Let w be y(-13). Suppose 0 = 3*u - 80 + w. Let i be c(u). Calculate the highest common factor of 6 and i.
3
Let v be 6/(-9)*1 - 1768/(-6). Let p = 103 + -81. Let w = 64 - p. What is the highest common factor of w and v?
42
Suppose x + 769 = 2*f - 423, -5*x = -5*f + 2985. Calculate the highest common divisor of 35 and f.
35
Suppose -5 = -4*o + 7. Suppose -2*l + 1 = 3*d - o, -d - 16 = 5*l. Suppose -17 = -d*n + 15. What is the greatest common factor of n and 16?
8
Let m(x) = -4*x + 7. Let n be m(-5). Suppose 3*w = -h + 134, 5*h - 127 = -3*w + n. Calculate the highest common factor of w and 43.
43
Let h be (140/130)/((-14)/(-182)). Calculate the greatest common divisor of 90 and h.
2
Let m(r) = 17*r**3 + 169*r**2 - 32*r - 172. Let z be m(-10). What is the highest common divisor of 39 and z?
3
Let x = 450 - 423. Suppose -8 = -4*z + 12. Suppose -133 = -z*r + x. What is the greatest common divisor of r and 40?
8
Let l(j) = 265*j + 4442. Let r be l(-9). Calculate the greatest common factor of 363 and r.
121
Suppose -5*n = -3*t + 72, 15*t - 2*n = 17*t - 16. Calculate the greatest common divisor of t and 6202.
14
Let u be (-1 + 2 + 2)/(-8 - -7). Let o be (8/32)/(u/(-36)*3). What is the greatest common factor of 57 and o?
1
Suppose 3*w - 2*z = 68, -4*w - 5*z + 33 = -73. Let u = 19 - 7. Calculate the highest common factor of w and u.
12
Suppose -5*o + 5*t = -2400, 0 = -44*o + 47*o - 2*t - 1444. Let d = o - 146. What is the highest common divisor of 104 and d?
26
Let y = -13986 - -14419. Calculate the highest common factor of 3 and y.
1
Let h be 3700/1 - (-409 - -419). Calculate the highest common divisor of h and 360.
90
Let d(t) = -125*t**3 - 3*t**2 - t + 1. Let o be d(-1). Suppose -11 + 27 = 4*k - 5*l, -k - 5*l = -4. What is the greatest common factor of o and k?
4
Let y(h) = -120*h**2 - 1. Let f be y(-1). Let b = f + 220. Let l be (11/3)/(2/6). What is the greatest common factor of b and l?
11
Suppose r = 4*l + 668, l = -32*r + 33*r - 677. Let c = r - 628. Calculate the highest common factor of 416 and c.
52
Suppose 17047*t - 17069*t = -57684. What is the highest common divisor of 266 and t?
38
Suppose 3*o + 3124 = 4246. Calculate the highest common divisor of o and 612.
34
Suppose 0 = a - 0 - 6. Let q be (-3)/(-2*a/64). Suppose 54*i - 29*i - 260 = -40*i. What is the highest common divisor of i and q?
4
Suppose -27*o + 29*o = -114. Let x = o + 108. Calculate the highest common factor of x and 68.
17
Suppose -t = 2*u - 5630, 3*t + 23*u = 19*u + 16888. What is the greatest common factor of 134 and t?
134
Let d(o) = -o**2 + 18*o - 16. Let h be (4/(-8))/(-2*4/(-32)). Let p be -34*((-1)/h)/(-1). Let m be d(p). What is the highest common factor of m and 2?
1
Let b(z) = z**3 + z. Let i be b(0). Let w = -5443 - -5469. Suppose 2*s + i = w. Calculate the highest common factor of 1 and s.
1
Let n(q) = -q**2 + q + 24. Let f be n(5). Suppose 9*d - 8*d - 112 = -f*b, 3*b = -5*d + 84. Calculate the greatest common factor of 294 and b.
14
Let k(p) be the third derivative of 11